est common factor of 12 and 22276.
4
What is the greatest common divisor of 462 and 28314?
66
Calculate the highest common divisor of 20574 and 1944.
162
What is the highest common divisor of 90 and 202620?
30
What is the greatest common factor of 1475 and 71095?
295
Calculate the highest common divisor of 12 and 266718.
6
Calculate the greatest common factor of 103909 and 13.
13
What is the highest common divisor of 72597 and 1680?
21
What is the greatest common divisor of 2130 and 148674?
426
What is the highest common factor of 1578089 and 1126?
563
Calculate the greatest common factor of 141 and 44697.
141
Calculate the greatest common factor of 4200 and 320376.
168
Calculate the greatest common factor of 364 and 7952.
28
Calculate the greatest common divisor of 27356 and 315.
7
Calculate the greatest common factor of 175751 and 362.
181
Calculate the greatest common factor of 576 and 112.
16
Calculate the greatest common factor of 2222 and 374.
22
Calculate the greatest common divisor of 294 and 108.
6
What is the highest common divisor of 16578 and 4563?
27
What is the greatest common factor of 360120 and 160?
40
What is the highest common divisor of 34 and 881161?
17
Calculate the highest common divisor of 1053 and 2349.
81
Calculate the highest common divisor of 260806 and 208.
26
Calculate the greatest common factor of 2568 and 918488.
856
What is the greatest common factor of 38139 and 3?
3
What is the highest common divisor of 775 and 1953?
31
Calculate the greatest common factor of 88 and 21252.
44
Calculate the greatest common divisor of 2246820 and 12.
12
Calculate the greatest common factor of 456 and 181602.
114
What is the highest common factor of 834816 and 96?
96
Calculate the highest common divisor of 88 and 126.
2
What is the highest common divisor of 26832 and 23349?
129
Calculate the greatest common factor of 2178 and 5544.
198
What is the highest common divisor of 133 and 16345?
7
What is the highest common factor of 261377 and 377?
29
Calculate the greatest common divisor of 1219036 and 13.
13
Calculate the greatest common divisor of 242 and 53416.
22
Calculate the greatest common divisor of 61350 and 300.
150
What is the greatest common factor of 70 and 28462?
14
What is the highest common factor of 70444 and 12?
4
What is the highest common divisor of 15198366 and 114?
114
What is the greatest common factor of 9216 and 720?
144
What is the highest common divisor of 405 and 5430?
15
What is the highest common divisor of 2030 and 1863946?
406
Calculate the highest common divisor of 11622 and 546.
78
Calculate the highest common divisor of 546 and 163800.
546
What is the highest common divisor of 187 and 19465?
17
Calculate the highest common divisor of 12 and 2141868.
12
Calculate the greatest common factor of 5597686 and 166.
166
What is the greatest common factor of 290 and 857530?
290
What is the highest common divisor of 481 and 5512?
13
Calculate the highest common divisor of 51200 and 650.
50
What is the greatest common factor of 272 and 21709?
17
What is the highest common factor of 6 and 2081136?
6
Calculate the greatest common divisor of 1238 and 8.
2
What is the greatest common divisor of 4080 and 5505960?
2040
What is the highest common factor of 294968 and 8?
8
Calculate the greatest common divisor of 58 and 1790199.
29
Calculate the greatest common factor of 495 and 9990.
45
What is the greatest common divisor of 416663 and 130?
13
What is the highest common divisor of 8906 and 1098?
122
Calculate the greatest common divisor of 315832 and 440.
88
Calculate the greatest common factor of 806 and 23312.
62
Calculate the greatest common factor of 163929 and 477.
159
What is the highest common divisor of 20 and 81232?
4
What is the highest common factor of 298548 and 348?
12
What is the highest common divisor of 14 and 10171?
7
What is the highest common factor of 494 and 101023?
247
Calculate the greatest common divisor of 3987 and 125812.
443
What is the greatest common divisor of 54694 and 113390?
1334
Calculate the highest common factor of 172293 and 3036.
759
Calculate the greatest common factor of 41268 and 3.
3
What is the highest common divisor of 20 and 1360560?
20
What is the greatest common factor of 136 and 4568?
8
Calculate the highest common divisor of 87 and 544359.
87
Calculate the greatest common divisor of 4938 and 6.
6
What is the highest common factor of 25581 and 3?
3
Calculate the greatest common factor of 185945 and 25.
5
Calculate the greatest common factor of 1006570 and 680.
170
Calculate the greatest common divisor of 529130 and 350.
70
What is the greatest common factor of 555 and 5295?
15
Calculate the greatest common divisor of 5535 and 891.
27
What is the greatest common factor of 1045 and 516021?
209
What is the greatest common divisor of 518670 and 113?
113
Calculate the highest common factor of 256 and 368.
16
Calculate the greatest common factor of 608 and 1026.
38
What is the greatest common divisor of 1210 and 798842?
242
Calculate the greatest common factor of 9092 and 12.
4
What is the greatest common factor of 118 and 233522?
118
Calculate the highest common divisor of 232691 and 23.
23
Calculate the highest common divisor of 665555 and 55.
55
What is the greatest common divisor of 171 and 747?
9
What is the highest common divisor of 54 and 10394541?
27
What is the greatest common divisor of 62 and 20894?
62
Calculate the highest common divisor of 426 and 2938477.
71
What is the highest common divisor of 28673724 and 439?
439
Calculate the highest common factor of 204 and 7734.
6
Calculate the greatest common factor of 555 and 30.
15
What is the highest common divisor of 586 and 4747186?
586
What is the greatest common factor of 72 and 3688506?
18
What is the greatest common factor of 34024 and 1256?
8
What is the greatest common factor of 1133 and 7004?
103
Calculate the greatest common factor of 165014 and 2.
2
What is the highest common divisor of 327 and 517641?
327
What is the highest common divisor of 14475 and 1275?
75
What is the highest common factor of 39 and 95160?
39
What is the greatest common divisor of 3918944 and 123?
41
What is the greatest common factor of 176673 and 94?
47
Calculate the greatest common factor of 20578 and 4.
2
What is the greatest common factor of 2123 and 638?
11
What is the greatest common divisor of 2052 and 9687492?
2052
Calculate the highest common factor of 60 and 433820.
20
What is the highest common factor of 78 and 42562?
26
Calculate the highest common divisor of 192 and 447.
3
What is the greatest common factor of 587 and 84?
1
What is the greatest common divisor of 120 and 615?
15
Calculate the greatest common divisor of 208 and 5232.
16
Calculate the greatest common factor of 2072 and 32264.
296
Calculate the highest common divisor of 1692 and 243272.
188
What is the greatest common divisor of 2098307 and 37?
37
Calculate the greatest common divisor of 13213 and 219.
73
Calculate the highest common factor of 61041 and 6.
3
What is the highest common divisor of 21346 and 52?
26
What is the greatest common divisor of 8382 and 612?
6
Calculate the greatest common divisor of 357 and 16765.
7
Calculate the greatest common divisor of 2238435 and 405.
405
What is the greatest common factor of 1352 and 21125?
169
Calculate the greatest common divisor of 48 and 36976.
16
Calculate the highest common factor of 597149 and 1771.
161
Calculate the highest common factor of 6941 and 33.
11
Calculate the highest common factor of 219579 and 212.
53
What is the greatest common factor of 9701 and 2759?
89
What is the greatest common divisor of 9088 and 35784?
568
What is the greatest common divisor of 38625 and 1000?
125
What is the greatest common factor of 192 and 152112?
48
What is the highest common factor of 125856 and 228?
228
What is the greatest common divisor of 46631 and 68?
17
Calculate the highest common divisor of 23443 and 357.
119
What is the highest common divisor of 1704 and 96?
24
Calculate the greatest common divisor of 135 and 711666.
27
Calculate the greatest common divisor of 122195 and 10.
5
Calculate the greatest common divisor of 372 and 8452.
4
Calculate the highest common factor of 65 and 42510.
65
Calculate th